[INFO] cloning repository https://github.com/mwalczyk/manifolds
[INFO] running `Command { std: "git" "-c" "credential.helper=" "-c" "credential.helper=/workspace/cargo-home/bin/git-credential-null" "clone" "--bare" "https://github.com/mwalczyk/manifolds" "/workspace/cache/git-repos/https%3A%2F%2Fgithub.com%2Fmwalczyk%2Fmanifolds", kill_on_drop: false }`
[INFO] [stderr] Cloning into bare repository '/workspace/cache/git-repos/https%3A%2F%2Fgithub.com%2Fmwalczyk%2Fmanifolds'...
[INFO] running `Command { std: "git" "rev-parse" "HEAD", kill_on_drop: false }`
[INFO] [stdout] 98e45b0cc88aa22aa86847202ee44919a5129ad3
[INFO] checking mwalczyk/manifolds against try#72f88fc4e9458f89516a0b8b0868f3718aec5b47 for pr-74989
[INFO] running `Command { std: "git" "clone" "/workspace/cache/git-repos/https%3A%2F%2Fgithub.com%2Fmwalczyk%2Fmanifolds" "/workspace/builds/worker-10/source", kill_on_drop: false }`
[INFO] [stderr] Cloning into '/workspace/builds/worker-10/source'...
[INFO] [stderr] done.
[INFO] validating manifest of git repo https://github.com/mwalczyk/manifolds on toolchain 72f88fc4e9458f89516a0b8b0868f3718aec5b47
[INFO] running `Command { std: "/workspace/cargo-home/bin/cargo" "+72f88fc4e9458f89516a0b8b0868f3718aec5b47" "read-manifest" "--manifest-path" "Cargo.toml", kill_on_drop: false }`
[INFO] started tweaking git repo https://github.com/mwalczyk/manifolds
[INFO] finished tweaking git repo https://github.com/mwalczyk/manifolds
[INFO] tweaked toml for git repo https://github.com/mwalczyk/manifolds written to /workspace/builds/worker-10/source/Cargo.toml
[INFO] crate git repo https://github.com/mwalczyk/manifolds already has a lockfile, it will not be regenerated
[INFO] running `Command { std: "/workspace/cargo-home/bin/cargo" "+72f88fc4e9458f89516a0b8b0868f3718aec5b47" "fetch" "--locked" "--manifest-path" "Cargo.toml", kill_on_drop: false }`
[INFO] [stderr]  Downloading crates ...
[INFO] [stderr]   Downloaded smallvec v1.0.0
[INFO] [stderr]   Downloaded lock_api v0.3.2
[INFO] [stderr]   Downloaded cc v1.0.48
[INFO] [stderr]   Downloaded num-traits v0.2.10
[INFO] [stderr]   Downloaded c2-chacha v0.2.3
[INFO] [stderr]   Downloaded num-rational v0.2.2
[INFO] [stderr]   Downloaded num-integer v0.1.41
[INFO] [stderr]   Downloaded libm v0.1.4
[INFO] [stderr]   Downloaded dispatch v0.1.4
[INFO] [stderr]   Downloaded getrandom v0.1.13
[INFO] [stderr]   Downloaded num-complex v0.2.3
[INFO] [stderr]   Downloaded rand_distr v0.2.2
[INFO] [stderr]   Downloaded ash v0.29.0
[INFO] [stderr]   Downloaded smithay-client-toolkit v0.6.4
[INFO] [stderr]   Downloaded alga v0.9.2
[INFO] [stderr]   Downloaded xml-rs v0.8.0
[INFO] [stderr]   Downloaded nalgebra v0.19.0
[INFO] [stderr]   Downloaded x11-dl v2.18.4
[INFO] [stderr]   Downloaded typenum v1.11.2
[INFO] [stderr]   Downloaded instant v0.1.2
[INFO] [stderr]   Downloaded parking_lot_core v0.7.0
[INFO] [stderr]   Downloaded parking_lot v0.10.0
[INFO] [stderr]   Downloaded rusttype v0.8.2
[INFO] [stderr]   Downloaded slice-of-array v0.2.1
[INFO] [stderr]   Downloaded nalgebra-glm v0.5.0
[INFO] [stderr]   Downloaded winit v0.20.0-alpha5
[INFO] running `Command { std: "docker" "create" "-v" "/var/lib/crater-agent-workspace/builds/worker-10/target:/opt/rustwide/target:rw,Z" "-v" "/var/lib/crater-agent-workspace/builds/worker-10/source:/opt/rustwide/workdir:ro,Z" "-v" "/var/lib/crater-agent-workspace/cargo-home:/opt/rustwide/cargo-home:ro,Z" "-v" "/var/lib/crater-agent-workspace/rustup-home:/opt/rustwide/rustup-home:ro,Z" "-e" "SOURCE_DIR=/opt/rustwide/workdir" "-e" "CARGO_TARGET_DIR=/opt/rustwide/target" "-e" "CARGO_HOME=/opt/rustwide/cargo-home" "-e" "RUSTUP_HOME=/opt/rustwide/rustup-home" "-w" "/opt/rustwide/workdir" "-m" "1610612736" "--user" "0:0" "--network" "none" "rustops/crates-build-env@sha256:d92eaeed33fa75130ca1ee6c8a01d1ffb62bac859dfdfb3450e3e5d1c0146529" "/opt/rustwide/cargo-home/bin/cargo" "+72f88fc4e9458f89516a0b8b0868f3718aec5b47" "metadata" "--no-deps" "--format-version=1", kill_on_drop: false }`
[INFO] [stderr] WARNING: Your kernel does not support swap limit capabilities or the cgroup is not mounted. Memory limited without swap.
[INFO] [stdout] 40d5e01e4e15d20c17fa6c00c4d3fe438e0e7569128f4c2402a332a1d6010001
[INFO] running `Command { std: "docker" "start" "-a" "40d5e01e4e15d20c17fa6c00c4d3fe438e0e7569128f4c2402a332a1d6010001", kill_on_drop: false }`
[INFO] running `Command { std: "docker" "inspect" "40d5e01e4e15d20c17fa6c00c4d3fe438e0e7569128f4c2402a332a1d6010001", kill_on_drop: false }`
[INFO] running `Command { std: "docker" "rm" "-f" "40d5e01e4e15d20c17fa6c00c4d3fe438e0e7569128f4c2402a332a1d6010001", kill_on_drop: false }`
[INFO] [stdout] 40d5e01e4e15d20c17fa6c00c4d3fe438e0e7569128f4c2402a332a1d6010001
[INFO] running `Command { std: "docker" "create" "-v" "/var/lib/crater-agent-workspace/builds/worker-10/target:/opt/rustwide/target:rw,Z" "-v" "/var/lib/crater-agent-workspace/builds/worker-10/source:/opt/rustwide/workdir:ro,Z" "-v" "/var/lib/crater-agent-workspace/cargo-home:/opt/rustwide/cargo-home:ro,Z" "-v" "/var/lib/crater-agent-workspace/rustup-home:/opt/rustwide/rustup-home:ro,Z" "-e" "SOURCE_DIR=/opt/rustwide/workdir" "-e" "CARGO_TARGET_DIR=/opt/rustwide/target" "-e" "CARGO_INCREMENTAL=0" "-e" "RUST_BACKTRACE=full" "-e" "RUSTFLAGS=--cap-lints=forbid" "-e" "CARGO_HOME=/opt/rustwide/cargo-home" "-e" "RUSTUP_HOME=/opt/rustwide/rustup-home" "-w" "/opt/rustwide/workdir" "-m" "1610612736" "--user" "0:0" "--network" "none" "rustops/crates-build-env@sha256:d92eaeed33fa75130ca1ee6c8a01d1ffb62bac859dfdfb3450e3e5d1c0146529" "/opt/rustwide/cargo-home/bin/cargo" "+72f88fc4e9458f89516a0b8b0868f3718aec5b47" "check" "--frozen" "--all" "--all-targets" "--message-format=json", kill_on_drop: false }`
[INFO] [stdout] fc37922a501aee9ef709705be077ca5a30e098f1b3287fb05c11aa63d1056691
[INFO] [stderr] WARNING: Your kernel does not support swap limit capabilities or the cgroup is not mounted. Memory limited without swap.
[INFO] running `Command { std: "docker" "start" "-a" "fc37922a501aee9ef709705be077ca5a30e098f1b3287fb05c11aa63d1056691", kill_on_drop: false }`
[INFO] [stderr]    Compiling libc v0.2.66
[INFO] [stderr]     Checking cfg-if v0.1.10
[INFO] [stderr]    Compiling bitflags v1.2.1
[INFO] [stderr]     Checking lazy_static v1.4.0
[INFO] [stderr]     Checking ppv-lite86 v0.2.6
[INFO] [stderr]     Checking downcast-rs v1.1.1
[INFO] [stderr]     Checking same-file v1.0.5
[INFO] [stderr]    Compiling maybe-uninit v2.0.0
[INFO] [stderr]     Checking smallvec v1.0.0
[INFO] [stderr]    Compiling winapi v0.3.8
[INFO] [stderr]     Checking slice-of-array v0.2.1
[INFO] [stderr]    Compiling num-traits v0.2.10
[INFO] [stderr]    Compiling libloading v0.5.2
[INFO] [stderr]    Compiling x11-dl v2.18.4
[INFO] [stderr]     Checking lock_api v0.3.2
[INFO] [stderr]     Checking stb_truetype v0.3.1
[INFO] [stderr]    Compiling wayland-scanner v0.23.6
[INFO] [stderr]     Checking log v0.4.8
[INFO] [stderr]     Checking walkdir v2.2.9
[INFO] [stderr]     Checking dlib v0.4.1
[INFO] [stderr]     Checking c2-chacha v0.2.3
[INFO] [stderr]     Checking wayland-sys v0.23.6
[INFO] [stderr]     Checking iovec v0.1.4
[INFO] [stderr]     Checking net2 v0.2.33
[INFO] [stderr]     Checking nix v0.14.1
[INFO] [stderr]     Checking getrandom v0.1.13
[INFO] [stderr]     Checking memmap v0.7.0
[INFO] [stderr]     Checking parking_lot_core v0.7.0
[INFO] [stderr]     Checking raw-window-handle v0.3.3
[INFO] [stderr]     Checking shared_library v0.1.9
[INFO] [stderr]     Checking approx v0.3.2
[INFO] [stderr]     Checking ordered-float v1.0.2
[INFO] [stderr]     Checking num-integer v0.1.41
[INFO] [stderr]     Checking line_drawing v0.7.0
[INFO] [stderr]     Checking num-complex v0.2.3
[INFO] [stderr]     Checking ash v0.29.0
[INFO] [stderr]     Checking rand_core v0.5.1
[INFO] [stderr]     Checking parking_lot v0.10.0
[INFO] [stderr]     Checking mio v0.6.21
[INFO] [stderr]     Checking rusttype v0.8.2
[INFO] [stderr]     Checking rand_chacha v0.2.1
[INFO] [stderr]     Checking num-rational v0.2.2
[INFO] [stderr]     Checking rand v0.7.2
[INFO] [stderr]     Checking alga v0.9.2
[INFO] [stderr]     Checking rusttype v0.7.9
[INFO] [stderr]     Checking andrew v0.2.1
[INFO] [stderr]     Checking mio-extras v2.0.6
[INFO] [stderr]    Compiling wayland-client v0.23.6
[INFO] [stderr]    Compiling wayland-protocols v0.23.6
[INFO] [stderr]     Checking rand_distr v0.2.2
[INFO] [stderr]     Checking nalgebra v0.19.0
[INFO] [stderr]     Checking calloop v0.4.4
[INFO] [stderr]     Checking wayland-commons v0.23.6
[INFO] [stderr]     Checking smithay-client-toolkit v0.6.4
[INFO] [stderr]     Checking winit v0.20.0-alpha5
[INFO] [stderr]     Checking nalgebra-glm v0.5.0
[INFO] [stderr]     Checking manifolds v0.1.0 (/opt/rustwide/workdir)
[INFO] [stdout] error[E0433]: failed to resolve: could not find `_core` in `winapi`
[INFO] [stdout]   --> src/application.rs:14:13
[INFO] [stdout]    |
[INFO] [stdout] 14 | use winapi::_core::mem::swap;
[INFO] [stdout]    |             ^^^^^ could not find `_core` in `winapi`
[INFO] [stdout] 
[INFO] [stdout] 
[INFO] [stdout] error[E0433]: failed to resolve: could not find `um` in `winapi`
[INFO] [stdout]   --> src/application.rs:15:13
[INFO] [stdout]    |
[INFO] [stdout] 15 | use winapi::um::combaseapi::CLSIDFromString;
[INFO] [stdout]    |             ^^ could not find `um` in `winapi`
[INFO] [stdout] 
[INFO] [stdout] 
[INFO] [stdout] error[E0433]: failed to resolve: could not find `um` in `winapi`
[INFO] [stdout]   --> src/application.rs:16:13
[INFO] [stdout]    |
[INFO] [stdout] 16 | use winapi::um::winbase::ApplicationRecoveryFinished;
[INFO] [stdout]    |             ^^ could not find `um` in `winapi`
[INFO] [stdout] 
[INFO] [stdout] 
[INFO] [stdout] error[E0433]: failed to resolve: could not find `shared` in `winapi`
[INFO] [stdout]   --> src/application.rs:20:13
[INFO] [stdout]    |
[INFO] [stdout] 20 | use winapi::shared::windef::HWND;
[INFO] [stdout]    |             ^^^^^^ could not find `shared` in `winapi`
[INFO] [stdout] 
[INFO] [stdout] 
[INFO] [stdout] error[E0433]: failed to resolve: could not find `um` in `winapi`
[INFO] [stdout]   --> src/application.rs:21:13
[INFO] [stdout]    |
[INFO] [stdout] 21 | use winapi::um::libloaderapi::GetModuleHandleW;
[INFO] [stdout]    |             ^^ could not find `um` in `winapi`
[INFO] [stdout] 
[INFO] [stdout] 
[INFO] [stdout] error[E0432]: unresolved import `winit::platform::windows`
[INFO] [stdout]   --> src/application.rs:19:22
[INFO] [stdout]    |
[INFO] [stdout] 19 | use winit::platform::windows::WindowExtWindows;
[INFO] [stdout]    |                      ^^^^^^^ could not find `windows` in `platform`
[INFO] [stdout] 
[INFO] [stdout] 
[INFO] [stdout] error[E0412]: cannot find type `HWND` in this scope
[INFO] [stdout]    --> src/application.rs:335:41
[INFO] [stdout]     |
[INFO] [stdout] 335 |             let hwnd = window.hwnd() as HWND;
[INFO] [stdout]     |                                         ^^^^ not found in this scope
[INFO] [stdout]     |
[INFO] [stdout] help: consider importing one of these items
[INFO] [stdout]     |
[INFO] [stdout] 1   | use ash::vk::HWND;
[INFO] [stdout]     |
[INFO] [stdout] 1   | use crate::utils::vk::HWND;
[INFO] [stdout]     |
[INFO] [stdout] 
[INFO] [stdout] 
[INFO] [stdout] error[E0425]: cannot find function, tuple struct or tuple variant `GetModuleHandleW` in this scope
[INFO] [stdout]    --> src/application.rs:336:29
[INFO] [stdout]     |
[INFO] [stdout] 336 |             let hinstance = GetModuleHandleW(ptr::null()) as *const c_void;
[INFO] [stdout]     |                             ^^^^^^^^^^^^^^^^ not found in this scope
[INFO] [stdout] 
[INFO] [stdout] 
[INFO] [stdout] error[E0433]: failed to resolve: could not find `_core` in `winapi`
[INFO] [stdout]   --> src/application.rs:14:13
[INFO] [stdout]    |
[INFO] [stdout] 14 | use winapi::_core::mem::swap;
[INFO] [stdout]    |             ^^^^^ could not find `_core` in `winapi`
[INFO] [stdout] 
[INFO] [stdout] 
[INFO] [stdout] error[E0433]: failed to resolve: could not find `um` in `winapi`
[INFO] [stdout]   --> src/application.rs:15:13
[INFO] [stdout]    |
[INFO] [stdout] 15 | use winapi::um::combaseapi::CLSIDFromString;
[INFO] [stdout]    |             ^^ could not find `um` in `winapi`
[INFO] [stdout] 
[INFO] [stdout] 
[INFO] [stdout] error[E0433]: failed to resolve: could not find `um` in `winapi`
[INFO] [stdout]   --> src/application.rs:16:13
[INFO] [stdout]    |
[INFO] [stdout] 16 | use winapi::um::winbase::ApplicationRecoveryFinished;
[INFO] [stdout]    |             ^^ could not find `um` in `winapi`
[INFO] [stdout] 
[INFO] [stdout] 
[INFO] [stdout] error[E0433]: failed to resolve: could not find `shared` in `winapi`
[INFO] [stdout]   --> src/application.rs:20:13
[INFO] [stdout]    |
[INFO] [stdout] 20 | use winapi::shared::windef::HWND;
[INFO] [stdout]    |             ^^^^^^ could not find `shared` in `winapi`
[INFO] [stdout] 
[INFO] [stdout] 
[INFO] [stdout] error[E0433]: failed to resolve: could not find `um` in `winapi`
[INFO] [stdout]   --> src/application.rs:21:13
[INFO] [stdout]    |
[INFO] [stdout] 21 | use winapi::um::libloaderapi::GetModuleHandleW;
[INFO] [stdout]    |             ^^ could not find `um` in `winapi`
[INFO] [stdout] 
[INFO] [stdout] 
[INFO] [stdout] error[E0432]: unresolved import `winit::platform::windows`
[INFO] [stdout]   --> src/application.rs:19:22
[INFO] [stdout]    |
[INFO] [stdout] 19 | use winit::platform::windows::WindowExtWindows;
[INFO] [stdout]    |                      ^^^^^^^ could not find `windows` in `platform`
[INFO] [stdout] 
[INFO] [stdout] 
[INFO] [stdout] error[E0412]: cannot find type `HWND` in this scope
[INFO] [stdout]    --> src/application.rs:335:41
[INFO] [stdout]     |
[INFO] [stdout] 335 |             let hwnd = window.hwnd() as HWND;
[INFO] [stdout]     |                                         ^^^^ not found in this scope
[INFO] [stdout]     |
[INFO] [stdout] help: consider importing one of these items
[INFO] [stdout]     |
[INFO] [stdout] 1   | use ash::vk::HWND;
[INFO] [stdout]     |
[INFO] [stdout] 1   | use crate::utils::vk::HWND;
[INFO] [stdout]     |
[INFO] [stdout] 
[INFO] [stdout] 
[INFO] [stdout] error[E0425]: cannot find function, tuple struct or tuple variant `GetModuleHandleW` in this scope
[INFO] [stdout]    --> src/application.rs:336:29
[INFO] [stdout]     |
[INFO] [stdout] 336 |             let hinstance = GetModuleHandleW(ptr::null()) as *const c_void;
[INFO] [stdout]     |                             ^^^^^^^^^^^^^^^^ not found in this scope
[INFO] [stdout] 
[INFO] [stdout] 
[INFO] [stdout] error[E0599]: no method named `hwnd` found for reference `&winit::window::Window` in the current scope
[INFO] [stdout]    --> src/application.rs:335:31
[INFO] [stdout]     |
[INFO] [stdout] 335 |             let hwnd = window.hwnd() as HWND;
[INFO] [stdout]     |                               ^^^^ method not found in `&winit::window::Window`
[INFO] [stdout] 
[INFO] [stdout] 
[INFO] [stdout] error[E0599]: no method named `hwnd` found for reference `&winit::window::Window` in the current scope
[INFO] [stdout]    --> src/application.rs:335:31
[INFO] [stdout]     |
[INFO] [stdout] 335 |             let hwnd = window.hwnd() as HWND;
[INFO] [stdout]     |                               ^^^^ method not found in `&winit::window::Window`
[INFO] [stdout] 
[INFO] [stdout] 
[INFO] [stdout] error: aborting due to 9 previous errors
[INFO] [stdout] 
[INFO] [stdout] 
[INFO] [stdout] Some errors have detailed explanations: E0412, E0425, E0432, E0433, E0599.
[INFO] [stdout] 
[INFO] [stdout] For more information about an error, try `rustc --explain E0412`.
[INFO] [stdout] 
[INFO] [stderr] error: could not compile `manifolds`.
[INFO] [stderr] 
[INFO] [stderr] To learn more, run the command again with --verbose.
[INFO] [stderr] warning: build failed, waiting for other jobs to finish...
[INFO] [stdout] error: aborting due to 9 previous errors
[INFO] [stdout] 
[INFO] [stdout] 
[INFO] [stdout] Some errors have detailed explanations: E0412, E0425, E0432, E0433, E0599.
[INFO] [stdout] 
[INFO] [stdout] For more information about an error, try `rustc --explain E0412`.
[INFO] [stdout] 
[INFO] [stderr] error: build failed
[INFO] running `Command { std: "docker" "inspect" "fc37922a501aee9ef709705be077ca5a30e098f1b3287fb05c11aa63d1056691", kill_on_drop: false }`
[INFO] running `Command { std: "docker" "rm" "-f" "fc37922a501aee9ef709705be077ca5a30e098f1b3287fb05c11aa63d1056691", kill_on_drop: false }`
[INFO] [stdout] fc37922a501aee9ef709705be077ca5a30e098f1b3287fb05c11aa63d1056691
